inder when 61 is divided by j.
17
Suppose -21*a = -7*a - 196. Let m(v) = -2*v**2 + 30*v - 7. Calculate the remainder when 71 is divided by m(a).
8
Let m = -620 + 639. What is the remainder when 2847 is divided by m?
16
Suppose -2*r = 4*r + 2076. Let w = r - -485. Calculate the remainder when w is divided by 13.
9
Let k = -109 - -127. Suppose 4*u - 5*g - 106 = 0, -u + 0*u - 3*g = -k. Calculate the remainder when u is divided by 13.
11
Let o(b) = -46*b**2 + 27*b - 148. Let v be o(5). Let w = 1185 + v. Suppose 0 = -0*z + z - 40. What is the remainder when z is divided by w?
18
Let n = 99 + -99. Suppose n = 10*b - 6*b - 48. What is the remainder when 23 is divided by ((-10)/3)/(-5)*b?
7
Let o = -35076 + 35105. What is the remainder when o is divided by 2 - 1 - -23 - -2?
3
Suppose -78*i + 311*i = -2886 + 20128. What is the remainder when 99 is divided by i?
25
What is the remainder when (-5988)/(-9) - 4/12 is divided by 245?
175
Suppose -3*g + 0*g + 239 = -4*f, -6*f - 5*g - 311 = 0. What is the remainder when 49 + (-2)/(16/f) is divided by 24?
8
Suppose 2*f - 524 - 95 = r, r = -4*f + 1229. Suppose -6*p + f = -766. Calculate the remainder when p is divided by 26.
23
Suppose -4*l = 3*q - 194, 10*l - 241 = 5*l - 3*q. Let z(o) = 9*o**2 - 3*o - 26. What is the remainder when z(6) is divided by l?
45
Suppose -19*h - 385 = -21*h + 5*f, -h + 160 = 4*f. Calculate the remainder when h is divided by 110.
70
Suppose -p = 2*p + 303. Let r = 106 + p. Let a = 4 - -10. What is the remainder when a is divided by r?
4
Let m = -95 + 93. Let b be -42 - (25/(-5) - m). Let k = -35 - b. What is the remainder when 19 is divided by k?
3
What is the remainder when (504/20)/(6072/605 - 10) is divided by 17?
13
Suppose -21*o + 390 = -18*o. Calculate the remainder when o is divided by ((-1)/2)/((-8)/544).
28
Suppose -122 + 41 = 22*c - 1159. Calculate the remainder when 396 is divided by c.
4
Suppose -2*h + 3*y + 381 = 0, -5*h + 7*y + 945 = 2*y. Suppose -184*i = 105*i - 8092. What is the remainder when h is divided by i?
18
Suppose -2*y + 176 = 2*y. Let i = 27399 - 27376. What is the remainder when y is divided by i?
21
Let d(g) = g + 57. Let y be 20*(-81)/198 - 4/(-22). Calculate the remainder when 684 is divided by d(y).
47
Suppose 2*h + t - 628 = 824, 2187 = 3*h - 3*t. Calculate the remainder when h is divided by 17.
13
Let o = 124 + -77. Suppose -167 = -6*b + 121. Suppose 11*d = 8*d + b. Calculate the remainder when o is divided by d.
15
Suppose -41 - 667 = -5*q + 3*z, 3*z - 120 = -q. Calculate the remainder when q is divided by 116.
22
Let k(x) = -7*x**3 - 4*x**2 + 6*x - 5. Let p be k(4). What is the remainder when 109 is divided by 376/17 - (-58)/p?
21
Let v = -6329 + 6403. Calculate the remainder when 102 is divided by v.
28
Suppose -2*a + 1512 = -1518. What is the remainder when a is divided by 31?
27
Let a = 4034 - 3996. Calculate the remainder when 148 is divided by a.
34
Suppose -1729 = -2*b - 5*m, 0 = 4*b + 3933*m - 3929*m - 3428. What is the remainder when b is divided by 210?
12
Let f be (1 + (-144 - 3))*(-3)/(-6). Let c = -56 - -12. Let a = c - f. What is the remainder when a is divided by 8?
5
Let a = 0 + 9. Let r = 466 - 437. Calculate the remainder when r is divided by a.
2
Let t(p) = p + 34. Let g = 287 + -313. Calculate the remainder when t(g) is divided by 22/6 + (-1)/(-3).
0
Let i(h) = 444*h + 112. Calculate the remainder when i(1) is divided by 92.
4
Suppose 109 - 349 = -12*i. What is the remainder when 912 is divided by i?
12
Let t = 3957 - 3923. What is the remainder when 351 is divided by t?
11
Suppose 3*d - 60 = -2*w, 0 = -3*d + 16*w - 20*w + 72. Calculate the remainder when 480 is divided by d.
0
Let f = -7193 - -7232. Calculate the remainder when 2768 is divided by f.
38
Suppose -281 + 168 = -64*f + 847. Suppose -3*s = -5*h + 30, -5*s + 2*s = -3*h + 24. Calculate the remainder when f is divided by h.
0
What is the remainder when 313 is divided by 432/(-252)*98/20*(-1 - 4)?
19
Let f(c) = 4*c - 39. Let k be f(-6). Let m = k - -100. Suppose -m = -2*p + 9. Calculate the remainder when 66 is divided by p.
20
Let v = 160 + -151. Let o(d) = 2*d**2 - 15*d - 3. Suppose 2*l - 6*l = -60. What is the remainder when o(v) is divided by l?
9
Let o = 1571 + -2243. Let i = 714 + o. Calculate the remainder when 293 is divided by i.
41
Let m = -1426 + 2033. Suppose -628 = -3*h - m. Calculate the remainder when (23 + (-1)/(-1))/1 is divided by h.
3
Let r(m) = -12*m - 72. Let u be r(-7). What is the remainder when 92 is divided by ((-15)/u)/(17/(-68))?
2
Calculate the remainder when 430 is divided by (4/6 - (-940)/75)/(8/40).
34
What is the remainder when ((-24)/5)/(6/(-75)) is divided by ((-4)/(-18) + (-27060)/(-2970))*24/7?
28
Let u = 3097 - 2696. Calculate the remainder when u is divided by 85.
61
What is the remainder when 7371 is divided by (2*(-5)/15 - 24/(-9)) + 18?
11
Let a(p) = 444*p - 3150. What is the remainder when a(8) is divided by 80?
2
Suppose 229 = 15*x - 116. Suppose 0 = 4*s - 63 + x. Suppose 3*z + 6 = 5*k, 2*z + k - 15 = -2*k. Calculate the remainder when s is divided by z.
1
Let o = 91 - 183. Let y = o + 183. Suppose -10*d = 3*d - y. Calculate the remainder when 48 is divided by d.
6
Calculate the remainder when 116 is divided by (-142)/(-2) + (-28)/(-35)*5.
41
Suppose 5*b = 7*s - 8*s + 26, 88 = 3*s + 5*b. Suppose 0 = s*c - 37*c + 78. What is the remainder when 21 is divided by c?
8
Let o(w) = 67 - 2*w - 30 + 3*w. Let s = -1 - 17. Calculate the remainder when 31 is divided by o(s).
12
Let z = -79 - -235. What is the remainder when z is divided by ((-24648)/624)/(-2 - 4/((-8)/3))?
77
Let x = -9 - 50. Let w = 55 + x. Let p(k) = -k**3 - 4*k**2 - 7*k - 1. What is the remainder when p(w) is divided by 10?
7
Suppose 0 = -c - 2*j - 6, j = c - j + 22. Let t(s) = -11077*s + 33276. Calculate the remainder when t(3) is divided by 332/14 + (-4)/c.
21
Let d(y) = y**3 - 17*y**2 + 22*y + 5. Let n = 14 - -2. Calculate the remainder when d(n) is divided by (14/(-56))/((-2)/136).
16
Suppose -18*x = -32*x + 23*x - 441. Calculate the remainder when 289 is divided by x.
44
Let w(m) be the first derivative of -m**4/4 + 8*m**3/3 - 5*m**2/2 - 41*m + 24. What is the remainder when 249 is divided by w(5)?
6
Suppose 2346*p = 2360*p - 8078. Calculate the remainder when p is divided by 285.
7
Let y = 30653 - 12735. What is the remainder when y is divided by 32?
30
Let u be 4 + (-19)/4 + (-8)/32. What is the remainder when 36 is divided by 30 + (-2 - 4/u)?
4
Suppose 30*q = -20*q - 14*q + 19136. What is the remainder when q is divided by 20?
19
Let v = -1 + 5. Suppose -47 = -3*j + v*y - 0*y, 2*y = 2. What is the remainder when (157/(-15) - (-6)/(-30))*-6 is divided by j?
13
Suppose -4 = i, -7*n - 2*i = -4*n - 3340. Calculate the remainder when n is divided by 56.
52
Let o(c) = c**3 + 3*c**2 - 13*c - 7. Let t be o(-5). Suppose 0 = 2*p + 3*s + 2, 2*s + t = 6*s. Let g = p - -20. Calculate the remainder when g is divided by 6.
4
Suppose s - 18 = -s. Suppose 18*a = 6*a + 12. Suppose -h + 13 = 5*k, -5*k + 5*h + a - 6 = 0. What is the remainder when s is divided by k?
1
Let g(f) = -f**3 + 21*f**2 - 63*f - 59. What is the remainder when 475 is divided by g(17)?
7
Let z(u) = u**2 - u - 235. Let m = 64 + -20. Let w = 57 - m. What is the remainder when w is divided by z(16)?
3
Calculate the remainder when 177 is divided by -3*(123/(-3) + -6).
36
What is the remainder when (-4)/((-11)/(-154)*10/(-115)) is divided by 41?
29
What is the remainder when (-1446)/(-12) + -5 + 44/8 is divided by 65?
56
Suppose 30*r - 5*z = 33*r - 48, 2*z - 66 = -3*r. What is the remainder when 3969 is divided by r?
17
Suppose 0 = 49*a + 292 - 11758. Let f(r) = -r**2 + 6*r + 4. What is the remainder when a is divided by f(6)?
2
Let l be (40/15)/(2/(-99)). Let q be ((-244)/l - (-2)/(-11))*-3. Calculate the remainder when 74 is divided by (-38)/q*(-5)/(-2).
17
Let w(z) = -z + 11. Let h(o) = o - 106. Let d(a) = -h(a) - 6*w(a). Let l(p) = p**2 + 6*p - 1. Let n be l(-5). Calculate the remainder when d(n) is divided by 5.
0
Let n(p) = p**3 + 6*p**2 + 23*p + 70. Let c be n(-4). What is the remainder when 65 + (-9 - (-50)/c) is divided by 26?
9
Let x = -456 + 499. What is the remainder when 124 is divided by x?
38
Let v